{"id":6045,"date":"2017-08-30T21:47:37","date_gmt":"2017-08-30T19:47:37","guid":{"rendered":"https:\/\/www.czech-neuro.cz\/?page_id=916"},"modified":"2017-08-30T21:47:37","modified_gmt":"2017-08-30T19:47:37","slug":"archiv-2","status":"publish","type":"page","link":"https:\/\/www.czech-neuro.cz\/en\/vzdelavani\/specializacni-vzdelavani\/archiv-2\/","title":{"rendered":"Archiv (en)"},"content":{"rendered":"<h4>Zpr\u00e1va o&nbsp;\u010dinnosti Specializa\u010dn\u00ed oborov\u00e9 rady Neurologie v&nbsp;roce 2016<\/h4>\n<p><a href=\"https:\/\/www.czech-neuro.cz\/clanek\/808-Zprava-o-cinnosti-Specializacni-oborove-rady-Neurologie-v-roce-2016\/index.htm\">&#8230;v\u00edce<\/a><\/p>\n<h4>Z\u00e1pis ze sch\u016fze SOR Neurologie 24.&nbsp;11.&nbsp;2016<\/h4>\n<p><a href=\"https:\/\/www.czech-neuro.cz\/clanek\/800-Zapis-ze-schuze-SOR-Neurologie-24-11-2016\/index.htm\">&#8230;v\u00edce<\/a><\/p>\n<h4>Z\u00e1pis ze sch\u016fze SOR Neurologie 29.&nbsp;8.&nbsp;2016<\/h4>\n<p><a href=\"https:\/\/www.czech-neuro.cz\/clanek\/799-Zapis-ze-schuze-SOR-Neurologie-29-8-2016\/index.htm\">&#8230;v\u00edce<\/a><\/p>\n<h4>Specializa\u010dn\u00ed vzd\u011bl\u00e1v\u00e1n\u00ed 2016<\/h4>\n<p>Specializa\u010dn\u00ed vzd\u011bl\u00e1v\u00e1n\u00ed 2016 Specializa\u010dn\u00ed oborov\u00e1 rada neurologie v&nbsp;roce 2016 P\u0159edseda: MUDr. J. Pol\u00edvka, CSc. M\u00edstop\u0159edseda: prof. MUDr. P.&nbsp;Ka\u0148ovsk\u00fd, CSc&#8230;. \u00a0\u00a0<a href=\"https:\/\/www.czech-neuro.cz\/clanek\/795-Specializacni-vzdelavani-2016\/index.htm\">&#8230;v\u00edce<\/a><\/p>\n<h4>Specializa\u010dn\u00ed vzd\u011bl\u00e1v\u00e1n\u00ed 2015<\/h4>\n<p>Specializa\u010dn\u00ed oborov\u00e1 rada neurologie v&nbsp;roce 2015 P\u0159edseda: prof. MUDr. P.&nbsp;Ka\u0148ovsk\u00fd, CSc. M\u00edstop\u0159edseda: doc. MUDr. P.&nbsp;Marusi\u010d, Ph.D. \u010clenov\u00e9: prof. MUDr. P.&nbsp;Kalvach, CSc., ,&#8230; \u00a0\u00a0<a href=\"https:\/\/www.czech-neuro.cz\/clanek\/532-Specializacni-vzdelavani-2015\/index.htm\">&#8230;v\u00edce<\/a><\/p>\n<h4>Z\u00e1pis ze sch\u016fze SOR Neurologie 7.&nbsp;10.&nbsp;2014<\/h4>\n<p><a href=\"https:\/\/www.czech-neuro.cz\/clanek\/603-Zapis-ze-schuze-SOR-Neurologie-7-10-2014\/index.htm\">&#8230;v\u00edce<\/a><\/p>\n<h4>Z\u00e1pis ze sch\u016fze SOR Neurologie 15.&nbsp;10.&nbsp;2013<\/h4>\n<p><a href=\"https:\/\/www.czech-neuro.cz\/clanek\/535-Zapis-ze-schuze-SOR-Neurologie-15-10-2013\/index.htm\">&#8230;v\u00edce<\/a><\/p>\n<h4>Z\u00e1pis ze sch\u016fze SOR Neurologie 25.10.2012<\/h4>\n<p><a href=\"https:\/\/www.czech-neuro.cz\/clanek\/472-Zapis-ze-schuze-SOR-Neurologie-25-10-2012\/index.htm\">&#8230;v\u00edce<\/a><\/p>\n<h4>Z\u00e1pis ze sch\u016fze SOR Neurologie 23.&nbsp;11.&nbsp;2011<\/h4>\n<p><a href=\"https:\/\/www.czech-neuro.cz\/clanek\/533-Zapis-ze-schuze-SOR-Neurologie-23-11-2011\/index.htm\">&#8230;v\u00edce<\/a><\/p>\n<h4>Z\u00e1pis z&nbsp;ustavuj\u00edc\u00ed sch\u016fze SOR Neurologie 31.&nbsp;10.&nbsp;2011<\/h4>\n<p><a href=\"https:\/\/www.czech-neuro.cz\/clanek\/534-Zapis-z-ustavujici-schuze-SOR-Neurologie-31-10-2011\/index.htm\">&#8230;v\u00edce<\/a><\/p>\n<h4>INFORMACE O&nbsp;ZM\u011aN\u00c1CH VE SPECIALIZA\u010cN\u00cdM VZD\u011aL\u00c1V\u00c1N\u00cd OD ROKU 2012<\/h4>\n<p>V\u00e1\u017een\u00e9 kolegyn\u011b a&nbsp;kolegyn\u011b, \u010dlenov\u00e9 a&nbsp;\u010dlenky \u010cesk\u00e9 neurologick\u00e9 spole\u010dnosti, na z\u00e1klad\u011b ve\u0159ejnopr\u00e1vn\u00ed smlouvy ze dne 27.&nbsp;z\u00e1\u0159\u00ed 2011 bylo p\u0159evedeno specializa\u010dn\u00ed&#8230; \u00a0\u00a0<a href=\"https:\/\/www.czech-neuro.cz\/clanek\/367-INFORMACE-O-ZMENACH-VE-SPECIALIZACNIM-VZDELAVANI-OD-ROKU-2012\/index.htm\">&#8230;v\u00edce<\/a><\/p>\n","protected":false},"excerpt":{"rendered":"<p>Zpr\u00e1va o&nbsp;\u010dinnosti Specializa\u010dn\u00ed oborov\u00e9 rady Neurologie v&nbsp;roce 2016 &#8230;v\u00edce Z\u00e1pis ze sch\u016fze SOR Neurologie 24.&nbsp;11.&nbsp;2016 &#8230;v\u00edce Z\u00e1pis ze sch\u016fze SOR&#8230;<\/p>\n","protected":false},"author":23,"featured_media":0,"parent":912,"menu_order":200,"comment_status":"closed","ping_status":"closed","template":"","meta":{"_acf_changed":false,"_searchwp_excluded":"","kia_subtitle":"Specializa\u010dn\u00ed vzd\u011bl\u00e1v\u00e1n\u00ed","footnotes":""},"class_list":["post-6045","page","type-page","status-publish","hentry"],"acf":[],"yoast_head":"<!-- This site is optimized with the Yoast SEO Premium plugin v26.2 (Yoast SEO v26.2) - https:\/\/yoast.com\/wordpress\/plugins\/seo\/ -->\n<title>Archiv (en) - \u010cesk\u00e1 neurologick\u00e1 spole\u010dnost<\/title>\n<meta name=\"robots\" content=\"index, follow, max-snippet:-1, max-image-preview:large, max-video-preview:-1\" \/>\n<link rel=\"canonical\" href=\"https:\/\/www.czech-neuro.cz\/en\/vzdelavani\/specializacni-vzdelavani\/archiv-2\/\" \/>\n<meta property=\"og:locale\" content=\"cs_CZ\" \/>\n<meta property=\"og:type\" content=\"article\" \/>\n<meta property=\"og:title\" content=\"Archiv (en)\" \/>\n<meta property=\"og:description\" content=\"Zpr\u00e1va o&nbsp;\u010dinnosti Specializa\u010dn\u00ed oborov\u00e9 rady Neurologie v&nbsp;roce 2016 &#8230;v\u00edce Z\u00e1pis ze sch\u016fze SOR Neurologie 24.&nbsp;11.&nbsp;2016 &#8230;v\u00edce Z\u00e1pis ze sch\u016fze SOR...\" \/>\n<meta property=\"og:url\" content=\"https:\/\/www.czech-neuro.cz\/en\/vzdelavani\/specializacni-vzdelavani\/archiv-2\/\" \/>\n<meta property=\"og:site_name\" content=\"\u010cesk\u00e1 neurologick\u00e1 spole\u010dnost\" \/>\n<meta name=\"twitter:card\" content=\"summary_large_image\" \/>\n<meta name=\"twitter:label1\" content=\"Odhadovan\u00e1 doba \u010dten\u00ed\" \/>\n\t<meta name=\"twitter:data1\" content=\"1 minuta\" \/>\n<script type=\"application\/ld+json\" class=\"yoast-schema-graph\">{\"@context\":\"https:\/\/schema.org\",\"@graph\":[{\"@type\":\"WebPage\",\"@id\":\"https:\/\/www.czech-neuro.cz\/en\/vzdelavani\/specializacni-vzdelavani\/archiv-2\/\",\"url\":\"https:\/\/www.czech-neuro.cz\/en\/vzdelavani\/specializacni-vzdelavani\/archiv-2\/\",\"name\":\"Archiv (en) - \u010cesk\u00e1 neurologick\u00e1 spole\u010dnost\",\"isPartOf\":{\"@id\":\"https:\/\/www.czech-neuro.cz\/#website\"},\"datePublished\":\"2017-08-30T19:47:37+00:00\",\"breadcrumb\":{\"@id\":\"https:\/\/www.czech-neuro.cz\/en\/vzdelavani\/specializacni-vzdelavani\/archiv-2\/#breadcrumb\"},\"inLanguage\":\"cs\",\"potentialAction\":[{\"@type\":\"ReadAction\",\"target\":[\"https:\/\/www.czech-neuro.cz\/en\/vzdelavani\/specializacni-vzdelavani\/archiv-2\/\"]}]},{\"@type\":\"BreadcrumbList\",\"@id\":\"https:\/\/www.czech-neuro.cz\/en\/vzdelavani\/specializacni-vzdelavani\/archiv-2\/#breadcrumb\",\"itemListElement\":[{\"@type\":\"ListItem\",\"position\":1,\"name\":\"Dom\u016f\",\"item\":\"https:\/\/www.czech-neuro.cz\/\"},{\"@type\":\"ListItem\",\"position\":2,\"name\":\"Vzd\u011bl\u00e1v\u00e1n\u00ed\",\"item\":\"https:\/\/www.czech-neuro.cz\/vzdelavani\/\"},{\"@type\":\"ListItem\",\"position\":3,\"name\":\"Specializa\u010dn\u00ed vzd\u011bl\u00e1v\u00e1n\u00ed\",\"item\":\"https:\/\/www.czech-neuro.cz\/vzdelavani\/specializacni-vzdelavani\/\"},{\"@type\":\"ListItem\",\"position\":4,\"name\":\"Archiv (en)\"}]},{\"@type\":\"WebSite\",\"@id\":\"https:\/\/www.czech-neuro.cz\/#website\",\"url\":\"https:\/\/www.czech-neuro.cz\/\",\"name\":\"\u010cesk\u00e1 neurologick\u00e1 spole\u010dnost\",\"description\":\"\u010cesk\u00e1 neurologick\u00e1 spole\u010dnost je odborn\u00e1 v\u011bdeck\u00e1 spole\u010dnost, jej\u00edm\u017e c\u00edlem je db\u00e1t o rozvoj neurologie jako v\u00fdznamn\u00e9 l\u00e9ka\u0159sk\u00e9 a v\u011bdeck\u00e9 discipliny v \u010cesk\u00e9 republice.\",\"potentialAction\":[{\"@type\":\"SearchAction\",\"target\":{\"@type\":\"EntryPoint\",\"urlTemplate\":\"https:\/\/www.czech-neuro.cz\/?s={search_term_string}\"},\"query-input\":{\"@type\":\"PropertyValueSpecification\",\"valueRequired\":true,\"valueName\":\"search_term_string\"}}],\"inLanguage\":\"cs\"}]}<\/script>\n<!-- \/ Yoast SEO Premium plugin. -->","yoast_head_json":{"title":"Archiv (en) - \u010cesk\u00e1 neurologick\u00e1 spole\u010dnost","robots":{"index":"index","follow":"follow","max-snippet":"max-snippet:-1","max-image-preview":"max-image-preview:large","max-video-preview":"max-video-preview:-1"},"canonical":"https:\/\/www.czech-neuro.cz\/en\/vzdelavani\/specializacni-vzdelavani\/archiv-2\/","og_locale":"cs_CZ","og_type":"article","og_title":"Archiv (en)","og_description":"Zpr\u00e1va o&nbsp;\u010dinnosti Specializa\u010dn\u00ed oborov\u00e9 rady Neurologie v&nbsp;roce 2016 &#8230;v\u00edce Z\u00e1pis ze sch\u016fze SOR Neurologie 24.&nbsp;11.&nbsp;2016 &#8230;v\u00edce Z\u00e1pis ze sch\u016fze SOR...","og_url":"https:\/\/www.czech-neuro.cz\/en\/vzdelavani\/specializacni-vzdelavani\/archiv-2\/","og_site_name":"\u010cesk\u00e1 neurologick\u00e1 spole\u010dnost","twitter_card":"summary_large_image","twitter_misc":{"Odhadovan\u00e1 doba \u010dten\u00ed":"1 minuta"},"schema":{"@context":"https:\/\/schema.org","@graph":[{"@type":"WebPage","@id":"https:\/\/www.czech-neuro.cz\/en\/vzdelavani\/specializacni-vzdelavani\/archiv-2\/","url":"https:\/\/www.czech-neuro.cz\/en\/vzdelavani\/specializacni-vzdelavani\/archiv-2\/","name":"Archiv (en) - \u010cesk\u00e1 neurologick\u00e1 spole\u010dnost","isPartOf":{"@id":"https:\/\/www.czech-neuro.cz\/#website"},"datePublished":"2017-08-30T19:47:37+00:00","breadcrumb":{"@id":"https:\/\/www.czech-neuro.cz\/en\/vzdelavani\/specializacni-vzdelavani\/archiv-2\/#breadcrumb"},"inLanguage":"cs","potentialAction":[{"@type":"ReadAction","target":["https:\/\/www.czech-neuro.cz\/en\/vzdelavani\/specializacni-vzdelavani\/archiv-2\/"]}]},{"@type":"BreadcrumbList","@id":"https:\/\/www.czech-neuro.cz\/en\/vzdelavani\/specializacni-vzdelavani\/archiv-2\/#breadcrumb","itemListElement":[{"@type":"ListItem","position":1,"name":"Dom\u016f","item":"https:\/\/www.czech-neuro.cz\/"},{"@type":"ListItem","position":2,"name":"Vzd\u011bl\u00e1v\u00e1n\u00ed","item":"https:\/\/www.czech-neuro.cz\/vzdelavani\/"},{"@type":"ListItem","position":3,"name":"Specializa\u010dn\u00ed vzd\u011bl\u00e1v\u00e1n\u00ed","item":"https:\/\/www.czech-neuro.cz\/vzdelavani\/specializacni-vzdelavani\/"},{"@type":"ListItem","position":4,"name":"Archiv (en)"}]},{"@type":"WebSite","@id":"https:\/\/www.czech-neuro.cz\/#website","url":"https:\/\/www.czech-neuro.cz\/","name":"\u010cesk\u00e1 neurologick\u00e1 spole\u010dnost","description":"\u010cesk\u00e1 neurologick\u00e1 spole\u010dnost je odborn\u00e1 v\u011bdeck\u00e1 spole\u010dnost, jej\u00edm\u017e c\u00edlem je db\u00e1t o rozvoj neurologie jako v\u00fdznamn\u00e9 l\u00e9ka\u0159sk\u00e9 a v\u011bdeck\u00e9 discipliny v \u010cesk\u00e9 republice.","potentialAction":[{"@type":"SearchAction","target":{"@type":"EntryPoint","urlTemplate":"https:\/\/www.czech-neuro.cz\/?s={search_term_string}"},"query-input":{"@type":"PropertyValueSpecification","valueRequired":true,"valueName":"search_term_string"}}],"inLanguage":"cs"}]}},"lang":"en","translations":{"cs":916,"en":6045},"_links":{"self":[{"href":"https:\/\/www.czech-neuro.cz\/api\/wp\/v2\/pages\/6045","targetHints":{"allow":["GET"]}}],"collection":[{"href":"https:\/\/www.czech-neuro.cz\/api\/wp\/v2\/pages"}],"about":[{"href":"https:\/\/www.czech-neuro.cz\/api\/wp\/v2\/types\/page"}],"author":[{"embeddable":true,"href":"https:\/\/www.czech-neuro.cz\/api\/wp\/v2\/users\/23"}],"replies":[{"embeddable":true,"href":"https:\/\/www.czech-neuro.cz\/api\/wp\/v2\/comments?post=6045"}],"version-history":[{"count":0,"href":"https:\/\/www.czech-neuro.cz\/api\/wp\/v2\/pages\/6045\/revisions"}],"up":[{"embeddable":true,"href":"https:\/\/www.czech-neuro.cz\/api\/wp\/v2\/pages\/912"}],"wp:attachment":[{"href":"https:\/\/www.czech-neuro.cz\/api\/wp\/v2\/media?parent=6045"}],"curies":[{"name":"wp","href":"https:\/\/api.w.org\/{rel}","templated":true}]}}

<h4>Zpráva o&nbsp;činnosti Specializační oborové rady Neurologie v&nbsp;roce 2016</h4>
<p><a href="https://www.czech-neuro.cz/clanek/808-Zprava-o-cinnosti-Specializacni-oborove-rady-Neurologie-v-roce-2016/index.htm">&#8230;více</a></p>
<h4>Zápis ze schůze SOR Neurologie 24.&nbsp;11.&nbsp;2016</h4>
<p><a href="https://www.czech-neuro.cz/clanek/800-Zapis-ze-schuze-SOR-Neurologie-24-11-2016/index.htm">&#8230;více</a></p>
<h4>Zápis ze schůze SOR Neurologie 29.&nbsp;8.&nbsp;2016</h4>
<p><a href="https://www.czech-neuro.cz/clanek/799-Zapis-ze-schuze-SOR-Neurologie-29-8-2016/index.htm">&#8230;více</a></p>
<h4>Specializační vzdělávání 2016</h4>
<p>Specializační vzdělávání 2016 Specializační oborová rada neurologie v&nbsp;roce 2016 Předseda: MUDr. J. Polívka, CSc. Místopředseda: prof. MUDr. P.&nbsp;Kaňovský, CSc&#8230;.   <a href="https://www.czech-neuro.cz/clanek/795-Specializacni-vzdelavani-2016/index.htm">&#8230;více</a></p>
<h4>Specializační vzdělávání 2015</h4>
<p>Specializační oborová rada neurologie v&nbsp;roce 2015 Předseda: prof. MUDr. P.&nbsp;Kaňovský, CSc. Místopředseda: doc. MUDr. P.&nbsp;Marusič, Ph.D. Členové: prof. MUDr. P.&nbsp;Kalvach, CSc., ,&#8230;   <a href="https://www.czech-neuro.cz/clanek/532-Specializacni-vzdelavani-2015/index.htm">&#8230;více</a></p>
<h4>Zápis ze schůze SOR Neurologie 7.&nbsp;10.&nbsp;2014</h4>
<p><a href="https://www.czech-neuro.cz/clanek/603-Zapis-ze-schuze-SOR-Neurologie-7-10-2014/index.htm">&#8230;více</a></p>
<h4>Zápis ze schůze SOR Neurologie 15.&nbsp;10.&nbsp;2013</h4>
<p><a href="https://www.czech-neuro.cz/clanek/535-Zapis-ze-schuze-SOR-Neurologie-15-10-2013/index.htm">&#8230;více</a></p>
<h4>Zápis ze schůze SOR Neurologie 25.10.2012</h4>
<p><a href="https://www.czech-neuro.cz/clanek/472-Zapis-ze-schuze-SOR-Neurologie-25-10-2012/index.htm">&#8230;více</a></p>
<h4>Zápis ze schůze SOR Neurologie 23.&nbsp;11.&nbsp;2011</h4>
<p><a href="https://www.czech-neuro.cz/clanek/533-Zapis-ze-schuze-SOR-Neurologie-23-11-2011/index.htm">&#8230;více</a></p>
<h4>Zápis z&nbsp;ustavující schůze SOR Neurologie 31.&nbsp;10.&nbsp;2011</h4>
<p><a href="https://www.czech-neuro.cz/clanek/534-Zapis-z-ustavujici-schuze-SOR-Neurologie-31-10-2011/index.htm">&#8230;více</a></p>
<h4>INFORMACE O&nbsp;ZMĚNÁCH VE SPECIALIZAČNÍM VZDĚLÁVÁNÍ OD ROKU 2012</h4>
<p>Vážené kolegyně a&nbsp;kolegyně, členové a&nbsp;členky České neurologické společnosti, na základě veřejnoprávní smlouvy ze dne 27.&nbsp;září 2011 bylo převedeno specializační&#8230;   <a href="https://www.czech-neuro.cz/clanek/367-INFORMACE-O-ZMENACH-VE-SPECIALIZACNIM-VZDELAVANI-OD-ROKU-2012/index.htm">&#8230;více</a></p>

<p>Zpráva o&nbsp;činnosti Specializační oborové rady Neurologie v&nbsp;roce 2016 &#8230;více Zápis ze schůze SOR Neurologie 24.&nbsp;11.&nbsp;2016 &#8230;více Zápis ze schůze SOR&#8230;</p>

Specializační vzdělávání

<!-- This site is optimized with the Yoast SEO Premium plugin v26.2 (Yoast SEO v26.2) - https://yoast.com/wordpress/plugins/seo/ -->
<title>Archiv (en) - Česká neurologická společnost</title>
<meta name="robots" content="index, follow, max-snippet:-1, max-image-preview:large, max-video-preview:-1" />
<link rel="canonical" href="https://www.czech-neuro.cz/en/vzdelavani/specializacni-vzdelavani/archiv-2/" />
<meta property="og:locale" content="cs_CZ" />
<meta property="og:type" content="article" />
<meta property="og:title" content="Archiv (en)" />
<meta property="og:description" content="Zpráva o&nbsp;činnosti Specializační oborové rady Neurologie v&nbsp;roce 2016 &#8230;více Zápis ze schůze SOR Neurologie 24.&nbsp;11.&nbsp;2016 &#8230;více Zápis ze schůze SOR..." />
<meta property="og:url" content="https://www.czech-neuro.cz/en/vzdelavani/specializacni-vzdelavani/archiv-2/" />
<meta property="og:site_name" content="Česká neurologická společnost" />
<meta name="twitter:card" content="summary_large_image" />
<meta name="twitter:label1" content="Odhadovaná doba čtení" />
	<meta name="twitter:data1" content="1 minuta" />
<script type="application/ld+json" class="yoast-schema-graph">{"@context":"https://schema.org","@graph":[{"@type":"WebPage","@id":"https://www.czech-neuro.cz/en/vzdelavani/specializacni-vzdelavani/archiv-2/","url":"https://www.czech-neuro.cz/en/vzdelavani/specializacni-vzdelavani/archiv-2/","name":"Archiv (en) - Česká neurologická společnost","isPartOf":{"@id":"https://www.czech-neuro.cz/#website"},"datePublished":"2017-08-30T19:47:37+00:00","breadcrumb":{"@id":"https://www.czech-neuro.cz/en/vzdelavani/specializacni-vzdelavani/archiv-2/#breadcrumb"},"inLanguage":"cs","potentialAction":[{"@type":"ReadAction","target":["https://www.czech-neuro.cz/en/vzdelavani/specializacni-vzdelavani/archiv-2/"]}]},{"@type":"BreadcrumbList","@id":"https://www.czech-neuro.cz/en/vzdelavani/specializacni-vzdelavani/archiv-2/#breadcrumb","itemListElement":[{"@type":"ListItem","position":1,"name":"Domů","item":"https://www.czech-neuro.cz/"},{"@type":"ListItem","position":2,"name":"Vzdělávání","item":"https://www.czech-neuro.cz/vzdelavani/"},{"@type":"ListItem","position":3,"name":"Specializační vzdělávání","item":"https://www.czech-neuro.cz/vzdelavani/specializacni-vzdelavani/"},{"@type":"ListItem","position":4,"name":"Archiv (en)"}]},{"@type":"WebSite","@id":"https://www.czech-neuro.cz/#website","url":"https://www.czech-neuro.cz/","name":"Česká neurologická společnost","description":"Česká neurologická společnost je odborná vědecká společnost, jejímž cílem je dbát o rozvoj neurologie jako významné lékařské a vědecké discipliny v České republice.","potentialAction":[{"@type":"SearchAction","target":{"@type":"EntryPoint","urlTemplate":"https://www.czech-neuro.cz/?s={search_term_string}"},"query-input":{"@type":"PropertyValueSpecification","valueRequired":true,"valueName":"search_term_string"}}],"inLanguage":"cs"}]}</script>
<!-- / Yoast SEO Premium plugin. -->

Archiv (en) - Česká neurologická společnost

Zpráva o&nbsp;činnosti Specializační oborové rady Neurologie v&nbsp;roce 2016 &#8230;více Zápis ze schůze SOR Neurologie 24.&nbsp;11.&nbsp;2016 &#8230;více Zápis ze schůze SOR...

Česká neurologická společnost

Domů

Vzdělávání

Česká neurologická společnost je odborná vědecká společnost, jejímž cílem je dbát o rozvoj neurologie jako významné lékařské a vědecké discipliny v České republice.
