{"version":"1.0","provider_name":"\u010cesk\u00e1 neurologick\u00e1 spole\u010dnost","provider_url":"https:\/\/www.czech-neuro.cz","author_name":"Sekretari\u00e1t \u010cNS","author_url":"https:\/\/www.czech-neuro.cz\/aktualita\/autor\/janurkovaassociationhouse-cz\/","title":"Pr\u016fzkum neurologick\u00fdch poruch bez organick\u00e9 p\u0159\u00ed\u010diny","type":"rich","width":600,"height":338,"html":"<blockquote class=\"wp-embedded-content\" data-secret=\"65Q3fAoh69\"><a href=\"https:\/\/www.czech-neuro.cz\/aktualita\/pruzkum-neurologickych-poruch-bez-organicke-priciny-2\/\">Pr\u016fzkum neurologick\u00fdch poruch bez organick\u00e9 p\u0159\u00ed\u010diny<\/a><\/blockquote><iframe sandbox=\"allow-scripts\" security=\"restricted\" src=\"https:\/\/www.czech-neuro.cz\/aktualita\/pruzkum-neurologickych-poruch-bez-organicke-priciny-2\/embed\/#?secret=65Q3fAoh69\" width=\"600\" height=\"338\" title=\"&#8222;Pr\u016fzkum neurologick\u00fdch poruch bez organick\u00e9 p\u0159\u00ed\u010diny&#8220; &#8212; \u010cesk\u00e1 neurologick\u00e1 spole\u010dnost\" data-secret=\"65Q3fAoh69\" frameborder=\"0\" marginwidth=\"0\" marginheight=\"0\" scrolling=\"no\" class=\"wp-embedded-content\"><\/iframe><script type=\"text\/javascript\">\n\/* <![CDATA[ *\/\n\/*! This file is auto-generated *\/\n!function(d,l){\"use strict\";l.querySelector&&d.addEventListener&&\"undefined\"!=typeof URL&&(d.wp=d.wp||{},d.wp.receiveEmbedMessage||(d.wp.receiveEmbedMessage=function(e){var t=e.data;if((t||t.secret||t.message||t.value)&&!\/[^a-zA-Z0-9]\/.test(t.secret)){for(var s,r,n,a=l.querySelectorAll('iframe[data-secret=\"'+t.secret+'\"]'),o=l.querySelectorAll('blockquote[data-secret=\"'+t.secret+'\"]'),c=new RegExp(\"^https?:$\",\"i\"),i=0;i<o.length;i++)o[i].style.display=\"none\";for(i=0;i<a.length;i++)s=a[i],e.source===s.contentWindow&&(s.removeAttribute(\"style\"),\"height\"===t.message?(1e3<(r=parseInt(t.value,10))?r=1e3:~~r<200&&(r=200),s.height=r):\"link\"===t.message&&(r=new URL(s.getAttribute(\"src\")),n=new URL(t.value),c.test(n.protocol))&&n.host===r.host&&l.activeElement===s&&(d.top.location.href=t.value))}},d.addEventListener(\"message\",d.wp.receiveEmbedMessage,!1),l.addEventListener(\"DOMContentLoaded\",function(){for(var e,t,s=l.querySelectorAll(\"iframe.wp-embedded-content\"),r=0;r<s.length;r++)(t=(e=s[r]).getAttribute(\"data-secret\"))||(t=Math.random().toString(36).substring(2,12),e.src+=\"#?secret=\"+t,e.setAttribute(\"data-secret\",t)),e.contentWindow.postMessage({message:\"ready\",secret:t},\"*\")},!1)))}(window,document);\n\/* ]]> *\/\n<\/script>\n","thumbnail_url":"https:\/\/www.czech-neuro.cz\/content\/uploads\/2021\/07\/icon-2967800_1280-1.png","thumbnail_width":1280,"thumbnail_height":1280,"description":"V\u00e1\u017een\u00e9 a&nbsp;mil\u00e9 kolegyn\u011b, kolegov\u00e9, p\u0159\u00ed\u0161t\u00ed t\u00fdden ukon\u010d\u00edme pr\u016fzkum zam\u011b\u0159en\u00fd na funk\u010dn\u00ed neurologick\u00e9 poruchy. Pokud jste tak ji\u017e neu\u010dinil\/a d\u0159\u00edve, m\u00e1te..."}

Česká neurologická společnost

Sekretariát ČNS

Průzkum neurologických poruch bez organické příčiny

<blockquote class="wp-embedded-content" data-secret="65Q3fAoh69"><a href="https://www.czech-neuro.cz/aktualita/pruzkum-neurologickych-poruch-bez-organicke-priciny-2/">Průzkum neurologických poruch bez organické příčiny</a></blockquote><iframe sandbox="allow-scripts" security="restricted" src="https://www.czech-neuro.cz/aktualita/pruzkum-neurologickych-poruch-bez-organicke-priciny-2/embed/#?secret=65Q3fAoh69" width="600" height="338" title="&#8222;Průzkum neurologických poruch bez organické příčiny&#8220; &#8212; Česká neurologická společnost" data-secret="65Q3fAoh69" frameborder="0" marginwidth="0" marginheight="0" scrolling="no" class="wp-embedded-content"></iframe><script type="text/javascript">
/* <![CDATA[ */
/*! This file is auto-generated */
!function(d,l){"use strict";l.querySelector&&d.addEventListener&&"undefined"!=typeof URL&&(d.wp=d.wp||{},d.wp.receiveEmbedMessage||(d.wp.receiveEmbedMessage=function(e){var t=e.data;if((t||t.secret||t.message||t.value)&&!/[^a-zA-Z0-9]/.test(t.secret)){for(var s,r,n,a=l.querySelectorAll('iframe[data-secret="'+t.secret+'"]'),o=l.querySelectorAll('blockquote[data-secret="'+t.secret+'"]'),c=new RegExp("^https?:$","i"),i=0;i<o.length;i++)o[i].style.display="none";for(i=0;i<a.length;i++)s=a[i],e.source===s.contentWindow&&(s.removeAttribute("style"),"height"===t.message?(1e3<(r=parseInt(t.value,10))?r=1e3:~~r<200&&(r=200),s.height=r):"link"===t.message&&(r=new URL(s.getAttribute("src")),n=new URL(t.value),c.test(n.protocol))&&n.host===r.host&&l.activeElement===s&&(d.top.location.href=t.value))}},d.addEventListener("message",d.wp.receiveEmbedMessage,!1),l.addEventListener("DOMContentLoaded",function(){for(var e,t,s=l.querySelectorAll("iframe.wp-embedded-content"),r=0;r<s.length;r++)(t=(e=s[r]).getAttribute("data-secret"))||(t=Math.random().toString(36).substring(2,12),e.src+="#?secret="+t,e.setAttribute("data-secret",t)),e.contentWindow.postMessage({message:"ready",secret:t},"*")},!1)))}(window,document);
/* ]]> */
</script>

Vážené a&nbsp;milé kolegyně, kolegové, příští týden ukončíme průzkum zaměřený na funkční neurologické poruchy. Pokud jste tak již neučinil/a dříve, máte...
